 6. Let b(s) = -3*s**2 - 2*s + 2. Let w be b(-2). Calculate the remainder when 1/(2/(-5))*w is divided by o.
3
Let m = 1791 - 1769. Calculate the remainder when 74 is divided by m.
8
Let q(o) = o**2 - 5*o - 15. Let g be q(-7). Let w = g - 53. Calculate the remainder when 61 is divided by w.
13
Let k = 167 - 166. Suppose 3 - 7 = m + 5*s, s = m + 4. Let x = m + 6. Calculate the remainder when x is divided by k.
0
Let n(a) = -a + 6. Let t be n(4). Suppose -10 = -2*f - t. Suppose -g + 3 = -f*z, -6 + 5 = -g + 5*z. What is the remainder when 29 is divided by g?
7
Let l(g) = g**2 - g - 7. What is the remainder when l(6) is divided by 7 + -2 + (13 - 10)?
7
Suppose 0 = 8*n - 7*n - 51. Calculate the remainder when n is divided by 14.
9
Let w(a) = -a**2 + 13*a - 2. Let q = -31 + 44. Let h be w(q). Let i(x) = -17*x - 2. What is the remainder when i(h) is divided by 17?
15
Let m(c) = -3*c + 9. Let g be m(-4). Suppose 0 = -3*j + 36 + g. Calculate the remainder when j is divided by 4.
3
Suppose -5*s - 244 = -4*w - s, 2*s + 8 = 0. Calculate the remainder when 4 - 4 - w/(-3) is divided by 10.
9
Let w(b) = -b**3 + 36*b**2 + 251*b + 54. Calculate the remainder when 201 is divided by w(42).
9
Let u be ((-1)/3)/((-4)/12). Let k = u - -4. Let m = -623 - -637. Calculate the remainder when m is divided by k.
4
Let a = 45 + -43. Suppose -5*i = -2*z + 17, -3*z - a*i + i + 17 = 0. Calculate the remainder when 17 is divided by z.
5
Let k(g) = 75*g + 97*g**3 - 26*g - 30*g + 2 - 22*g. Calculate the remainder when k(1) is divided by 25.
21
Let n = 121 + -68. Let z(q) = -17*q - 7. What is the remainder when n is divided by z(-2)?
26
What is the remainder when (-272)/(-4) + (4 - 3)*-3 is divided by 22?
21
Suppose 4*v + 2*z + z = 51, -26 = -4*v + 2*z. Suppose v*s = 4*s + 130. Calculate the remainder when s is divided by 10.
6
Let q(v) = -v**3 + 4*v**2 + v + 1. Let l be q(3). Suppose -2*u = 1 - l. Suppose -u*p = -p - 165. What is the remainder when p is divided by 9?
6
Let b = 376 - 329. Calculate the remainder when 173 is divided by b.
32
Suppose 14 = 2*v + 2*t, -2*t - 29 - 13 = -5*v. Let k be (11/3 - 0)*96/8. Let a = k - 42. What is the remainder when v is divided by a?
0
Let r be (-4)/28 - 1593/21. Let q = -69 - r. Calculate the remainder when 19 is divided by q.
5
Suppose -3*o + 577 = 5*n, 2*o = -4*n - o + 464. Let i = n - 92. Calculate the remainder when i is divided by 6.
3
Let d(w) = -3*w**2 - 33*w + 152. What is the remainder when d(-14) is divided by 2 + 3/(-1) + 15?
12
Let y = 1567 - 671. What is the remainder when y is divided by 30?
26
Suppose -5*l - c = -24, l - 2*l = c - 4. Suppose -l*g - 17 = -42. Calculate the remainder when 27 is divided by g.
2
Let u = 105 - 24. Suppose 2*m - 5*j - u = 58, -3*j = 15. Calculate the remainder when m is divided by 20.
17
Suppose 17*j + 18 = 19*j. Let h = -36 - -70. Calculate the remainder when h is divided by j.
7
Suppose 0 = v - 10 - 35. Calculate the remainder when v is divided by 7100/(-568)*(0 + 0 + -2).
20
Let y = 59 + -57. Suppose -5*v + j + 377 = -0*v, -2*v = -y*j - 154. Calculate the remainder when v is divided by 26.
23
Calculate the remainder when 24/(-9)*3/(-2) is divided by -2 - 4*(-8 - -7).
0
Suppose -760 = -13*w + 9*w. Suppose -6*t - 28 = -w. What is the remainder when 107 is divided by t?
26
Let k be (-57)/38 + 10/(-4). Calculate the remainder when 63 is divided by (-2 - 2/k)/((-3)/32).
15
Let p be 9/63 + 1878/(-14). Let j = -75 - p. Let z = -20 + j. Calculate the remainder when z is divided by 10.
9
Suppose -18 = -4*r + 2. Suppose -u - 4*u + 60 = 0. What is the remainder when (78/u)/((-2)/(-4)) is divided by r?
3
Suppose -2*i + m = -31, 0*i = 3*i - 2*m - 45. Let k = i + -12. Suppose -3*y + s = -73, 15 = 3*y + k*s - 52. Calculate the remainder when y is divided by 9.
6
Suppose 180 = 2*t - 0*t. Let c = t - 53. Let u = 9 - -1. What is the remainder when c is divided by u?
7
Let t(b) = -15 - 5*b + 2 + 2*b**2 + b**2 + 12*b. Calculate the remainder when t(3) is divided by 6.
5
Suppose 29 = -5*o - z, 5*z + 0 = -2*o - 7. Let h = o + 9. What is the remainder when (-94)/12*-1 + (-2)/(-12) is divided by h?
2
Suppose 40*i + 3312 = 76*i. Calculate the remainder when i is divided by 22.
4
Let z = 16 - 11. Suppose -z*k + 501 - 66 = 0. Suppose -2*g + k - 3 = 2*q, g - 44 = -3*q. What is the remainder when g is divided by 14?
13
Let i(m) = -7*m - 73. Calculate the remainder when 3 + (4 - (-1 - -3)) is divided by i(-11).
1
Suppose -k = 2*n + 4*k - 62, 0 = -3*n - 3*k + 84. Suppose 4*a + 4*y = 32, 0 = 2*a - 5*a + 2*y + 19. Calculate the remainder when n is divided by a.
5
Suppose 119 = 5*t + 19. Suppose -4*s - t = -u - 57, -4*s + 2*u + 34 = 0. What is the remainder when 115 is divided by (348/(-30))/((-4)/s)?
28
Let w(d) = -7*d**3 + 6*d**2 - 4*d - 4. Calculate the remainder when w(-3) is divided by 42.
41
Suppose h + 4*h = 20. Let u(z) = 5*z - 7. Calculate the remainder when 62 is divided by u(h).
10
Suppose 4*c = 38 + 38. Let b(q) be the first derivative of 25*q**2/2 + 3*q - 17. What is the remainder when b(2) is divided by c?
15
Let d = 327 - 304. What is the remainder when 275 is divided by d?
22
Suppose -3 = 3*t + 9. What is the remainder when (-6)/(-2) + (-12)/12 + 59 is divided by 62/4 - 2/t?
13
Let q(m) = -158*m**3 - 7*m**2 - 9*m - 2. Calculate the remainder when q(-1) is divided by 18.
14
Suppose -3*s + 3 + 13 = -c, 0 = 2*s + 5*c - 5. Calculate the remainder when 31 is divided by s.
1
Let a = 56 - 121. What is the remainder when (-4 - a/10)*2*3 is divided by 11?
4
Let h(b) = -4*b + 2. Let r be h(-6). Let u = r - 11. What is the remainder when u is divided by 10/35 - 61/(-7)?
6
Let o(b) = 5*b**2 + 47*b - 20. Calculate the remainder when 155 is divided by o(-11).
19
Let q(s) = -s + 14. Let v be q(14). Suppose 365 = -v*y + 5*y. Suppose 9 = -2*d + y. What is the remainder when d is divided by 9?
5
Let q = 640 + -306. Calculate the remainder when q is divided by 57.
49
Let c(z) = -z**3 + 9*z**2 - 13*z + 23. Suppose -5*l + 272 = 3*x - 4*l, 3*l = 15. Calculate the remainder when x is divided by c(7).
29
Let y(u) be the first derivative of 2*u**2 + 11*u + 3. Let x = 8 + 0. Calculate the remainder when y(x) is divided by 15.
13
Suppose -5*d - 183 = 3*s, 196 = -4*d + s + 53. Suppose 5*l + 5*j = -245, 0 = -2*j - 3 + 9. Let m = d - l. Calculate the remainder when 46 is divided by m.
14
Suppose -41*q - 35 = -36*q. Let b(i) = i**2 - 23. Calculate the remainder when b(q) is divided by 14.
12
Suppose 0 = -143*p + 140*p + 171. What is the remainder when 454 is divided by p?
55
Suppose -2*j + 3*j - 2*t = 37, 3*t + 9 = 0. What is the remainder when 112 is divided by j?
19
Let l be -6 - -2 - (-14 + 5). Calculate the remainder when 78 is divided by (-3)/l + 1339/65.
18
Let r = -3 - -26. Let w be 9*(0 - 1/(-3)). Suppose w*h + 6 = 45. What is the remainder when r is divided by h?
10
Let p(a) be the third derivative of -a**5/60 + 11*a**4/24 - 5*a**3/6 - a**2. What is the remainder when 49 is divided by p(6)?
24
Let a be (-54 - 0)*(-4)/6. Suppose -a = -17*b + 15*b. What is the remainder when 71 is divided by b?
17
Let d = 133 + -71. Let a be 2/12 + (-58)/(-12). Let h(o) = o**3 - 4*o**2 - 9. What is the remainder when d is divided by h(a)?
14
Let x(v) = -v**3 + 10*v**2 + 12*v - 8. Let s = 11 + -19. Let w = 12 + s. What is the remainder when w is divided by x(11)?
1
Let t = -17 - -28. Suppose 0 = 3*p + 3*m - 4*m - 5, 0 = 3*p - 5*m + t. Suppose -5*w = -17 - p. What is the remainder when 10 is divided by w?
2
Suppose -20 - 25 = 3*w. Let j = 27 + w. Calculate the remainder when 32 is divided by j.
8
Suppose 13 = -i - 4*j, -i + 15 = -3*j - 0. Let t(d) = 8*d**2 + 2*d + 1. Calculate the remainder when t(-1) is divided by i.
1
Let f(p) = -p**3 - 21*p**2 - p - 21. Let t be f(-21). Suppose -35 = -t*u - 5*u. Calculate the remainder when u is divided by 2.
1
Suppose 3*p - 33 = -t, p + t - 24 = 5*t. Suppose 0 = 130*l - 156*l + 728. Calculate the remainder when l is divided by p.
4
Suppose -4*l + 47 = -35*t + 36*t, -3*t + 5*l + 73 = 0. Let n = -1 - -17. What is the remainder when t is divided by n?
15
Suppose 5*s - 2*c - 352 = 2*c, s - 80 = 4*c. Suppose -3*j + s = -g, 4*j + 2*g - 54 - 20 = 0. What is the remainder when 58 is divided by 0/3 + -1 + j?
18
Let u = 